- 22*n = 0. Let v = 1 - -1. Suppose n = -2*q - 0*u - 5*u + 47, -v*q - 2*u = -38. Calculate the highest common divisor of q and 24.
8
Let i(s) = -4*s**3 + 88*s**2 - 19*s + 42. Let n be i(21). Calculate the highest common divisor of 56 and n.
7
Suppose 2*k = 3*p + 178, -411 = -5*k + 2*p - 3*p. Let c = k + -79. What is the greatest common divisor of 14 and c?
2
Let h be (-16)/(192/(-21420)) - 14. Calculate the greatest common divisor of h and 322.
161
Let a = -2190 - -2198. What is the highest common divisor of a and 186?
2
Let g be (3/(-3))/1*-25. Let q = g + -19. Suppose -5*h + m + 335 = 0, -2*h - 4*m = -0*h - 112. Calculate the highest common divisor of q and h.
6
Let u = -10 + 22. Let n(f) = f**3 - 13*f**2 + 24*f - 4. Let m be n(u). Calculate the greatest common factor of m and 60.
20
Let a(j) = 2*j**2 + 12*j - 32. Let t be 77/(-4) + -4*3/(-48). Let b be a(t). Let g = b + -297. Calculate the greatest common factor of 15 and g.
15
Let t(k) = -45*k**2 - 1927*k + 1. Let u be t(-42). Calculate the greatest common factor of u and 15.
5
Suppose y = 4*q - 2*y - 182, 4*q - 5*y - 178 = 0. Let k = 90 - q. Calculate the highest common factor of k and 215.
43
Let s(u) = 2*u + 8. Let i be s(17). Suppose i = 69*z - 68*z. Calculate the greatest common divisor of z and 336.
42
Let x be (48/5)/((-2)/(-20)). Suppose 3589 = 166*g - 611 + 216. What is the greatest common divisor of x and g?
24
Let c(s) = -2*s**3 - 5*s**2 + 5*s + 24. Let b be c(-3). Let z = -240 - -528. Calculate the highest common divisor of z and b.
18
Suppose -2*a - 35 + 893 = 0. Let z be (a/132)/((1/(-8))/(-1)). Suppose -x = 3*k - 9 - 7, 0 = 2*x + k - 27. What is the highest common divisor of z and x?
13
Suppose -5*x = -h + 21, 3*h + x - 3*x = 89. Suppose -3*o - 17 - h = 3*c, 5*o + 59 = 2*c. Let i be 22/(-2*1/o). What is the highest common factor of i and 13?
13
Let v = 346 + 151. Suppose -z + 4*i - 9 = -v, -3*i = -3*z + 1446. Calculate the highest common factor of 15 and z.
15
Let a be (1 + (-16 - -6))*(-2 + -8)*1. Let w be ((-6)/4)/((-1)/60). Calculate the highest common divisor of w and a.
90
Let k = 1 - 0. Suppose u + 4*d - 48 = 0, -4*d - 4 - 92 = -3*u. Suppose -n = -4*w + 15, w + 31*n = u*n - 20. Calculate the highest common divisor of k and w.
1
Suppose -5*w - 353 = -2*t + 402, 3*t - 5*w - 1125 = 0. Let q = t - 162. Suppose 75 = 4*h - 29. What is the highest common divisor of h and q?
26
Suppose 88*t + 228 = 4*o + 84*t, 2*o - 3*t = 121. Calculate the greatest common factor of o and 2625.
25
Suppose -13549*p + 13345*p + 55488 = 0. Let a(c) = 2*c**3 - c**2 - c - 2. Let h be a(2). Let d = 26 + h. What is the greatest common divisor of d and p?
34
Let v = 50 + 149. Suppose 203*i - 400 = v*i. Calculate the greatest common divisor of 40 and i.
20
Let u = 112 + -60. Let r = 85 - u. Calculate the greatest common factor of 132 and r.
33
Suppose -i - w = -12*i + 2239, 4*i = -5*w + 841. What is the greatest common factor of 10982 and i?
34
Suppose 8 = -2*w + 6*w. Suppose 4*y = -w*k + 5*y + 5, 4*k = -2*y + 14. Let i be ((-3)/6)/(76/(-24) + k). What is the highest common divisor of 3 and i?
3
Let j be ((-40)/6)/((-2)/15). Suppose 101*r - 65*r = 2*r + 5100. What is the highest common divisor of j and r?
50
Suppose 0 = -12*g + 155 - 23. What is the greatest common factor of g and 1408?
11
Let f be 429678/10731 + 4/(-98). Suppose -11 = -5*x + 19. Let g be 1319/3 + 2/x. What is the highest common divisor of g and f?
40
Suppose -5*y - 4*b + 12824 = 0, -10216 = -4*y + 101*b - 97*b. What is the highest common divisor of y and 3328?
256
Let i be 3 + 3 - 118080/(-80). Calculate the highest common divisor of 858 and i.
78
Suppose -29 = -7*y - 8. Suppose -24 = -3*l - y*l. Suppose -4*b + 12 = -l. Calculate the greatest common divisor of 1 and b.
1
Let m = -30 - -66. Let g = m - 36. Suppose -2*p + 9 + 19 = g. What is the highest common factor of p and 2?
2
Let f be -120 + 112 - 16/(-1 + 164/172). Calculate the greatest common divisor of f and 57.
3
Let b(d) = d**2 + 161*d - 1871. Let k be b(11). What is the greatest common factor of k and 49?
7
Suppose 95*z - 362445 - 415787 - 513768 = 0. Calculate the highest common divisor of 50 and z.
50
Let o(d) = -d**3 - 71*d**2 - 16*d - 1091. Let y be o(-71). What is the greatest common divisor of y and 5?
5
Let b(j) = -2*j - 2. Let s(u) = 70*u + 192. Let q(x) = 3*b(x) - s(x). Let z be q(-6). What is the highest common factor of 86 and z?
86
Let w = -14636 + 14620. Suppose 153 = 2*c + 3*f - 43, -5*f + 495 = 5*c. Let m = c - w. Calculate the highest common factor of m and 13.
13
Suppose 2*k = 2*d + 42 - 168, -2*d + 122 = -3*k. Suppose -7*x + 200 = -3*x. Let p = d - x. Calculate the greatest common factor of p and 34.
17
Let s = 10482 + -10421. What is the greatest common factor of 8967 and s?
61
Let g = -3626 - -4354. Calculate the highest common divisor of g and 208.
104
Let y(v) = -30*v**3 - 3*v**2 - 10*v - 12. Let a be y(-4). Calculate the greatest common factor of a and 250.
50
Suppose -3022 - 22703 = -72*p - 381. What is the highest common factor of p and 2272?
32
Let b = 7402 - 7393. Calculate the highest common factor of b and 153.
9
Suppose 2*p + 2 = 3*h - 14, 3*p + 13 = -h. Let b be (12 - 13)/(1 - h). Calculate the greatest common factor of 2 and b.
1
Let i be 6/(-15) - 72/(-5). Let f = -29 + 6. Let o = 75 - f. What is the greatest common factor of i and o?
14
Let b = -4585 + 5801. What is the greatest common divisor of 19 and b?
19
Let a(m) = 2*m**2 - 31*m - 109. Let p be a(19). Suppose 0 = -6*w - 175 + 679. What is the greatest common factor of p and w?
12
Let s = -80 + 78. Let m(z) = 43*z**3 - z**2 - 4. Let g be m(s). Let c be (g/(-10))/(28/70). What is the highest common factor of 22 and c?
22
Suppose 3*r = -0 - 303. Let m = 118 + r. Calculate the greatest common factor of m and 68.
17
Let u(q) = q**3 + 5*q**2 - 9*q - 8. Let p be u(-6). Suppose 19*x = p*x + 162. Calculate the highest common factor of x and 90.
18
Let a = 310 - 305. Suppose 41*h - 242 = -3*b + 40*h, 392 = a*b - 4*h. What is the highest common factor of b and 50?
10
Let r be -5 + -1 + 1 - (-522)/58. Calculate the greatest common divisor of 139 and r.
1
Let f(j) = 7 + 8 - 1879*j + 1863*j + 2. Let p(s) = 3*s + 6. Let b be p(-6). Let t be f(b). Calculate the greatest common factor of t and 19.
19
Suppose -212*f - 376079 + 4669079 = 0. Calculate the greatest common factor of 135 and f.
135
Suppose 55*b - 26780 = -50*b + 85*b. What is the greatest common factor of 52 and b?
13
Let q be (-18)/12*(-13)/(78/28). What is the greatest common factor of 4487 and q?
7
Let z be -3*16*-2*(-1)/(-8). Calculate the greatest common divisor of 1392 and z.
12
Let h(b) = -2*b**3 + 3*b**2 + 3*b + 4. Let y be h(-4). Let q(u) = 2*u**2 + 135*u + 2067. Let m be q(-19). Calculate the highest common divisor of m and y.
56
Let x(n) = 146*n + 6798. Let t be x(36). What is the greatest common factor of t and 123?
123
Let h be 3 + ((-10)/6 - 6482/(-21)). What is the greatest common divisor of h and 124?
62
Let t be 0/(-1) + 259 + 2. Let l be 1*(20/8 - 78/(-12)). Let x(a) = -a**2 + 21*a - 79. Let s be x(l). Calculate the greatest common factor of s and t.
29
Let h(p) = -p**3 - 60*p**2 + 99*p - 1462. Let r be h(-62). Calculate the greatest common factor of r and 1132.
4
Suppose -y + 547 = -4*g, y - 411 = 5*g - 2*g. Let u = -110 - g. Suppose -u = -16*m + 15*m. What is the highest common factor of 208 and m?
26
Suppose -9*y - 10*y = -0*y - 1235. Calculate the highest common divisor of 11440 and y.
65
Suppose -37*i = -470 - 159. Let d(r) = 12*r - 1. Suppose -8 = -o + 2. Let x be d(o). Calculate the highest common factor of x and i.
17
Let q(j) = j**3 + 30*j**2 - 32*j + 27. Let u be q(-31). Suppose 5*z - 6*z + 67 = 0. Let a = z - u. What is the highest common factor of 1 and a?
1
Suppose -6945*m + 416 = -6929*m. Calculate the highest common factor of m and 3250.
26
Suppose 12*d - 70 = -2*d. Suppose -6*y = -2*y - 20. Suppose 0 = 6*w - y*w + 4*t + 2, 9 = d*w + t. What is the greatest common divisor of 18 and w?
2
Let t be 498 - 0 - 3 - (-54)/(-6). Let m be (-53)/(-3) - (-1)/3. What is the highest common factor of m and t?
18
Let h be (-6 - 896/(-40))*(-55)/22. Suppose 2*g - q + 111 = 0, 2*g - 2*q = -0*g - 116. Let k = h - g. What i